{"id":121,"date":"2009-10-08T01:00:00","date_gmt":"2009-10-07T23:00:00","guid":{"rendered":"http:\/\/wordpress.elsa18.fr\/index.php\/notre-voyage-au-zoo-de-beauval-et-au-cabaret-a-vierzon\/"},"modified":"2009-10-08T01:00:00","modified_gmt":"2009-10-07T23:00:00","slug":"notre-voyage-au-zoo-de-beauval-et-au-cabaret-a-vierzon","status":"publish","type":"page","link":"https:\/\/wordpress.elsa18.fr\/wordpress.elsa18.fr\/index.php\/notre-voyage-au-zoo-de-beauval-et-au-cabaret-a-vierzon\/","title":{"rendered":"Notre voyage au zoo de Beauval et au cabaret \u00e0 Vierzon"},"content":{"rendered":"<p>\u00a0<\/p>\n<p>Quelques mots sur notre voyage de fin d&#8217;ann\u00e9e, qui a eu lieu le 29 Ao\u00fbt dernier&#8230;<\/p>\n<p>\u00a0<\/p>\n<p>Pour la plupart d&#8217;entre nous, arborant fi\u00e8rement notre T-shirt rouge estampill\u00e9 &#8220;ELSA&#8221;, nous sommes all\u00e9s cette ann\u00e9e pour f\u00eater ensemble la fin de notre op\u00e9rette &#8220;Quatre jours \u00e0 Paris&#8221; tout d&#8217;abord au zoo de Beauval, o\u00f9 nous avons b\u00e9n\u00e9fici\u00e9 d&#8217;une journ\u00e9e magnifique, et ensuite, au National Palace \u00e0 Vierzon.<\/p>\n<p>\u00a0<\/p>\n<p>La journ\u00e9e au zoo \u00e9tant libre, chacun a pu, \u00e0 son gr\u00e9, admirer les nombreux animaux dans les immenses espaces du parc, et assister aux diff\u00e9rentes animations propos\u00e9es tout au long de la journ\u00e9e.<\/p>\n<p>Entre autres, nous retiendrons certainement les b\u00e9b\u00e9s tigres blanc, les koalas, les lamantins, ainsi que les spectacles d&#8217;otaries et de rapaces, sous un soleil radieux, et m\u00eame \u00e9blouissant <img decoding=\"async\" class=\" size-full wp-image-120\" height=\"15\" width=\"15\" alt=\"wink\" src=\"http:\/\/wordpress.elsa18.fr\/wordpress.elsa18.fr\/wp-content\/uploads\/2009\/10\/smilies_wink.gif\" \/>&#8230;<\/p>\n<p>\u00a0<\/p>\n<p>Un petit tour au zoo, \u00e7a vous dit? Alors rendez-vous ici&nbsp; =&gt; <a href=\"http:\/\/www.zoobeauval.com\">www.zoobeauval.com\/<\/a><\/p>\n<p>\u00a0<\/p>\n<p>Le soir venu, nous nous sommes rendus \u00e0 Vierzon, o\u00f9 l&#8217;\u00e9quipe du National Palace nous a accueillis chaleureusement sous son chapiteau et nous a \u00e9merveill\u00e9s toute la soir\u00e9e, tant par la qualit\u00e9 de son menu que par celle du spectacle propos\u00e9. C&#8217;est s\u00fbr, les danseuses, la chanteuse, les acrobates,&nbsp; les humoristes, les magiciens (et le tigre ! ) resteront pour longtemps grav\u00e9s dans nos souvenirs !<\/p>\n<p>\u00a0<\/p>\n<p>Si vous voulez en savoir plus, rendez-vous sur leur site internet ! =&gt; &nbsp;<a href=\"http:\/\/www.national-palace.com\/\">www.national-palace.com\/<\/a><\/p>\n<p>\u00a0<\/p>\n<p>En somme, une bien belle journ\u00e9e entre amis de l&#8217;op\u00e9rette&#8230;<\/p>\n<p>\u00a0<\/p>\n<p>{vsig}evenements\/voyage_2009{\/vsig}<\/p>\n","protected":false},"excerpt":{"rendered":"<p>\u00a0 Quelques mots sur notre voyage de fin d&#8217;ann\u00e9e, qui a eu lieu le 29 Ao\u00fbt dernier&#8230; \u00a0 Pour la plupart d&#8217;entre nous, arborant fi\u00e8rement notre T-shirt rouge estampill\u00e9 &#8220;ELSA&#8221;, &hellip;<\/p>\n<p class=\"read-more\"> <a class=\"\" href=\"https:\/\/wordpress.elsa18.fr\/wordpress.elsa18.fr\/index.php\/notre-voyage-au-zoo-de-beauval-et-au-cabaret-a-vierzon\/\"> <span class=\"screen-reader-text\">Notre voyage au zoo de Beauval et au cabaret \u00e0 Vierzon<\/span> Lire la suite\u00a0\u00bb<\/a><\/p>\n","protected":false},"author":1,"featured_media":120,"parent":0,"menu_order":54,"comment_status":"closed","ping_status":"closed","template":"","meta":{"site-sidebar-layout":"default","site-content-layout":"default","ast-global-header-display":"","ast-main-header-display":"","ast-hfb-above-header-display":"","ast-hfb-below-header-display":"","ast-hfb-mobile-header-display":"","site-post-title":"","ast-breadcrumbs-content":"","ast-featured-img":"","footer-sml-layout":"","theme-transparent-header-meta":"","adv-header-id-meta":"","stick-header-meta":"","header-above-stick-meta":"","header-main-stick-meta":"","header-below-stick-meta":"","footnotes":""},"class_list":["post-121","page","type-page","status-publish","has-post-thumbnail","hentry"],"yoast_head":"<!-- This site is optimized with the Yoast SEO plugin v27.4 - https:\/\/yoast.com\/product\/yoast-seo-wordpress\/ -->\n<title>Notre voyage au zoo de Beauval et au cabaret \u00e0 Vierzon - Elsa<\/title>\n<meta name=\"robots\" content=\"index, follow, max-snippet:-1, max-image-preview:large, max-video-preview:-1\" \/>\n<link rel=\"canonical\" href=\"https:\/\/wordpress.elsa18.fr\/wordpress.elsa18.fr\/index.php\/notre-voyage-au-zoo-de-beauval-et-au-cabaret-a-vierzon\/\" \/>\n<meta property=\"og:locale\" content=\"fr_FR\" \/>\n<meta property=\"og:type\" content=\"article\" \/>\n<meta property=\"og:title\" content=\"Notre voyage au zoo de Beauval et au cabaret \u00e0 Vierzon - Elsa\" \/>\n<meta property=\"og:description\" content=\"\u00a0 Quelques mots sur notre voyage de fin d&#8217;ann\u00e9e, qui a eu lieu le 29 Ao\u00fbt dernier&#8230; \u00a0 Pour la plupart d&#8217;entre nous, arborant fi\u00e8rement notre T-shirt rouge estampill\u00e9 &#8220;ELSA&#8221;, &hellip; Notre voyage au zoo de Beauval et au cabaret \u00e0 Vierzon Lire la suite\u00a0\u00bb\" \/>\n<meta property=\"og:url\" content=\"https:\/\/wordpress.elsa18.fr\/wordpress.elsa18.fr\/index.php\/notre-voyage-au-zoo-de-beauval-et-au-cabaret-a-vierzon\/\" \/>\n<meta property=\"og:site_name\" content=\"Elsa\" \/>\n<meta property=\"article:publisher\" content=\"https:\/\/www.facebook.com\/ELSA-572253779530070\/\" \/>\n<meta property=\"og:image\" content=\"https:\/\/wordpress.elsa18.fr\/wordpress.elsa18.fr\/wp-content\/uploads\/2009\/10\/smilies_wink.gif\" \/>\n\t<meta property=\"og:image:width\" content=\"15\" \/>\n\t<meta property=\"og:image:height\" content=\"15\" \/>\n\t<meta property=\"og:image:type\" content=\"image\/gif\" \/>\n<meta name=\"twitter:card\" content=\"summary_large_image\" \/>\n<meta name=\"twitter:label1\" content=\"Dur\u00e9e de lecture estim\u00e9e\" \/>\n\t<meta name=\"twitter:data1\" content=\"1 minute\" \/>\n<script type=\"application\/ld+json\" class=\"yoast-schema-graph\">{\"@context\":\"https:\\\/\\\/schema.org\",\"@graph\":[{\"@type\":\"WebPage\",\"@id\":\"https:\\\/\\\/wordpress.elsa18.fr\\\/wordpress.elsa18.fr\\\/index.php\\\/notre-voyage-au-zoo-de-beauval-et-au-cabaret-a-vierzon\\\/\",\"url\":\"https:\\\/\\\/wordpress.elsa18.fr\\\/wordpress.elsa18.fr\\\/index.php\\\/notre-voyage-au-zoo-de-beauval-et-au-cabaret-a-vierzon\\\/\",\"name\":\"Notre voyage au zoo de Beauval et au cabaret \u00e0 Vierzon - Elsa\",\"isPartOf\":{\"@id\":\"https:\\\/\\\/wordpress.elsa18.fr\\\/wordpress.elsa18.fr\\\/#website\"},\"primaryImageOfPage\":{\"@id\":\"https:\\\/\\\/wordpress.elsa18.fr\\\/wordpress.elsa18.fr\\\/index.php\\\/notre-voyage-au-zoo-de-beauval-et-au-cabaret-a-vierzon\\\/#primaryimage\"},\"image\":{\"@id\":\"https:\\\/\\\/wordpress.elsa18.fr\\\/wordpress.elsa18.fr\\\/index.php\\\/notre-voyage-au-zoo-de-beauval-et-au-cabaret-a-vierzon\\\/#primaryimage\"},\"thumbnailUrl\":\"https:\\\/\\\/wordpress.elsa18.fr\\\/wordpress.elsa18.fr\\\/wp-content\\\/uploads\\\/2009\\\/10\\\/smilies_wink.gif\",\"datePublished\":\"2009-10-07T23:00:00+00:00\",\"breadcrumb\":{\"@id\":\"https:\\\/\\\/wordpress.elsa18.fr\\\/wordpress.elsa18.fr\\\/index.php\\\/notre-voyage-au-zoo-de-beauval-et-au-cabaret-a-vierzon\\\/#breadcrumb\"},\"inLanguage\":\"fr-FR\",\"potentialAction\":[{\"@type\":\"ReadAction\",\"target\":[\"https:\\\/\\\/wordpress.elsa18.fr\\\/wordpress.elsa18.fr\\\/index.php\\\/notre-voyage-au-zoo-de-beauval-et-au-cabaret-a-vierzon\\\/\"]}]},{\"@type\":\"ImageObject\",\"inLanguage\":\"fr-FR\",\"@id\":\"https:\\\/\\\/wordpress.elsa18.fr\\\/wordpress.elsa18.fr\\\/index.php\\\/notre-voyage-au-zoo-de-beauval-et-au-cabaret-a-vierzon\\\/#primaryimage\",\"url\":\"https:\\\/\\\/wordpress.elsa18.fr\\\/wordpress.elsa18.fr\\\/wp-content\\\/uploads\\\/2009\\\/10\\\/smilies_wink.gif\",\"contentUrl\":\"https:\\\/\\\/wordpress.elsa18.fr\\\/wordpress.elsa18.fr\\\/wp-content\\\/uploads\\\/2009\\\/10\\\/smilies_wink.gif\",\"width\":15,\"height\":15,\"caption\":\"wink\"},{\"@type\":\"BreadcrumbList\",\"@id\":\"https:\\\/\\\/wordpress.elsa18.fr\\\/wordpress.elsa18.fr\\\/index.php\\\/notre-voyage-au-zoo-de-beauval-et-au-cabaret-a-vierzon\\\/#breadcrumb\",\"itemListElement\":[{\"@type\":\"ListItem\",\"position\":1,\"name\":\"Accueil\",\"item\":\"https:\\\/\\\/wordpress.elsa18.fr\\\/wordpress.elsa18.fr\\\/\"},{\"@type\":\"ListItem\",\"position\":2,\"name\":\"Notre voyage au zoo de Beauval et au cabaret \u00e0 Vierzon\"}]},{\"@type\":\"WebSite\",\"@id\":\"https:\\\/\\\/wordpress.elsa18.fr\\\/wordpress.elsa18.fr\\\/#website\",\"url\":\"https:\\\/\\\/wordpress.elsa18.fr\\\/wordpress.elsa18.fr\\\/\",\"name\":\"Elsa\",\"description\":\"Espoir Lyrique Saint Amandois\",\"publisher\":{\"@id\":\"https:\\\/\\\/wordpress.elsa18.fr\\\/wordpress.elsa18.fr\\\/#organization\"},\"potentialAction\":[{\"@type\":\"SearchAction\",\"target\":{\"@type\":\"EntryPoint\",\"urlTemplate\":\"https:\\\/\\\/wordpress.elsa18.fr\\\/wordpress.elsa18.fr\\\/?s={search_term_string}\"},\"query-input\":{\"@type\":\"PropertyValueSpecification\",\"valueRequired\":true,\"valueName\":\"search_term_string\"}}],\"inLanguage\":\"fr-FR\"},{\"@type\":\"Organization\",\"@id\":\"https:\\\/\\\/wordpress.elsa18.fr\\\/wordpress.elsa18.fr\\\/#organization\",\"name\":\"Elsa\",\"url\":\"https:\\\/\\\/wordpress.elsa18.fr\\\/wordpress.elsa18.fr\\\/\",\"logo\":{\"@type\":\"ImageObject\",\"inLanguage\":\"fr-FR\",\"@id\":\"https:\\\/\\\/wordpress.elsa18.fr\\\/wordpress.elsa18.fr\\\/#\\\/schema\\\/logo\\\/image\\\/\",\"url\":\"https:\\\/\\\/wordpress.elsa18.fr\\\/wordpress.elsa18.fr\\\/wp-content\\\/uploads\\\/2022\\\/07\\\/cropped-ELSA-LOGO_Plan-de-travail-1_Plan-de-travail-1_Plan-de-travail-1_Plan-de-travail-1.png\",\"contentUrl\":\"https:\\\/\\\/wordpress.elsa18.fr\\\/wordpress.elsa18.fr\\\/wp-content\\\/uploads\\\/2022\\\/07\\\/cropped-ELSA-LOGO_Plan-de-travail-1_Plan-de-travail-1_Plan-de-travail-1_Plan-de-travail-1.png\",\"width\":2084,\"height\":2084,\"caption\":\"Elsa\"},\"image\":{\"@id\":\"https:\\\/\\\/wordpress.elsa18.fr\\\/wordpress.elsa18.fr\\\/#\\\/schema\\\/logo\\\/image\\\/\"},\"sameAs\":[\"https:\\\/\\\/www.facebook.com\\\/ELSA-572253779530070\\\/\",\"https:\\\/\\\/www.instagram.com\\\/espoir_lyrique_saint_amandois\\\/?hl=fr\"]}]}<\/script>\n<!-- \/ Yoast SEO plugin. -->","yoast_head_json":{"title":"Notre voyage au zoo de Beauval et au cabaret \u00e0 Vierzon - Elsa","robots":{"index":"index","follow":"follow","max-snippet":"max-snippet:-1","max-image-preview":"max-image-preview:large","max-video-preview":"max-video-preview:-1"},"canonical":"https:\/\/wordpress.elsa18.fr\/wordpress.elsa18.fr\/index.php\/notre-voyage-au-zoo-de-beauval-et-au-cabaret-a-vierzon\/","og_locale":"fr_FR","og_type":"article","og_title":"Notre voyage au zoo de Beauval et au cabaret \u00e0 Vierzon - Elsa","og_description":"\u00a0 Quelques mots sur notre voyage de fin d&#8217;ann\u00e9e, qui a eu lieu le 29 Ao\u00fbt dernier&#8230; \u00a0 Pour la plupart d&#8217;entre nous, arborant fi\u00e8rement notre T-shirt rouge estampill\u00e9 &#8220;ELSA&#8221;, &hellip; Notre voyage au zoo de Beauval et au cabaret \u00e0 Vierzon Lire la suite\u00a0\u00bb","og_url":"https:\/\/wordpress.elsa18.fr\/wordpress.elsa18.fr\/index.php\/notre-voyage-au-zoo-de-beauval-et-au-cabaret-a-vierzon\/","og_site_name":"Elsa","article_publisher":"https:\/\/www.facebook.com\/ELSA-572253779530070\/","og_image":[{"width":15,"height":15,"url":"https:\/\/wordpress.elsa18.fr\/wordpress.elsa18.fr\/wp-content\/uploads\/2009\/10\/smilies_wink.gif","type":"image\/gif"}],"twitter_card":"summary_large_image","twitter_misc":{"Dur\u00e9e de lecture estim\u00e9e":"1 minute"},"schema":{"@context":"https:\/\/schema.org","@graph":[{"@type":"WebPage","@id":"https:\/\/wordpress.elsa18.fr\/wordpress.elsa18.fr\/index.php\/notre-voyage-au-zoo-de-beauval-et-au-cabaret-a-vierzon\/","url":"https:\/\/wordpress.elsa18.fr\/wordpress.elsa18.fr\/index.php\/notre-voyage-au-zoo-de-beauval-et-au-cabaret-a-vierzon\/","name":"Notre voyage au zoo de Beauval et au cabaret \u00e0 Vierzon - Elsa","isPartOf":{"@id":"https:\/\/wordpress.elsa18.fr\/wordpress.elsa18.fr\/#website"},"primaryImageOfPage":{"@id":"https:\/\/wordpress.elsa18.fr\/wordpress.elsa18.fr\/index.php\/notre-voyage-au-zoo-de-beauval-et-au-cabaret-a-vierzon\/#primaryimage"},"image":{"@id":"https:\/\/wordpress.elsa18.fr\/wordpress.elsa18.fr\/index.php\/notre-voyage-au-zoo-de-beauval-et-au-cabaret-a-vierzon\/#primaryimage"},"thumbnailUrl":"https:\/\/wordpress.elsa18.fr\/wordpress.elsa18.fr\/wp-content\/uploads\/2009\/10\/smilies_wink.gif","datePublished":"2009-10-07T23:00:00+00:00","breadcrumb":{"@id":"https:\/\/wordpress.elsa18.fr\/wordpress.elsa18.fr\/index.php\/notre-voyage-au-zoo-de-beauval-et-au-cabaret-a-vierzon\/#breadcrumb"},"inLanguage":"fr-FR","potentialAction":[{"@type":"ReadAction","target":["https:\/\/wordpress.elsa18.fr\/wordpress.elsa18.fr\/index.php\/notre-voyage-au-zoo-de-beauval-et-au-cabaret-a-vierzon\/"]}]},{"@type":"ImageObject","inLanguage":"fr-FR","@id":"https:\/\/wordpress.elsa18.fr\/wordpress.elsa18.fr\/index.php\/notre-voyage-au-zoo-de-beauval-et-au-cabaret-a-vierzon\/#primaryimage","url":"https:\/\/wordpress.elsa18.fr\/wordpress.elsa18.fr\/wp-content\/uploads\/2009\/10\/smilies_wink.gif","contentUrl":"https:\/\/wordpress.elsa18.fr\/wordpress.elsa18.fr\/wp-content\/uploads\/2009\/10\/smilies_wink.gif","width":15,"height":15,"caption":"wink"},{"@type":"BreadcrumbList","@id":"https:\/\/wordpress.elsa18.fr\/wordpress.elsa18.fr\/index.php\/notre-voyage-au-zoo-de-beauval-et-au-cabaret-a-vierzon\/#breadcrumb","itemListElement":[{"@type":"ListItem","position":1,"name":"Accueil","item":"https:\/\/wordpress.elsa18.fr\/wordpress.elsa18.fr\/"},{"@type":"ListItem","position":2,"name":"Notre voyage au zoo de Beauval et au cabaret \u00e0 Vierzon"}]},{"@type":"WebSite","@id":"https:\/\/wordpress.elsa18.fr\/wordpress.elsa18.fr\/#website","url":"https:\/\/wordpress.elsa18.fr\/wordpress.elsa18.fr\/","name":"Elsa","description":"Espoir Lyrique Saint Amandois","publisher":{"@id":"https:\/\/wordpress.elsa18.fr\/wordpress.elsa18.fr\/#organization"},"potentialAction":[{"@type":"SearchAction","target":{"@type":"EntryPoint","urlTemplate":"https:\/\/wordpress.elsa18.fr\/wordpress.elsa18.fr\/?s={search_term_string}"},"query-input":{"@type":"PropertyValueSpecification","valueRequired":true,"valueName":"search_term_string"}}],"inLanguage":"fr-FR"},{"@type":"Organization","@id":"https:\/\/wordpress.elsa18.fr\/wordpress.elsa18.fr\/#organization","name":"Elsa","url":"https:\/\/wordpress.elsa18.fr\/wordpress.elsa18.fr\/","logo":{"@type":"ImageObject","inLanguage":"fr-FR","@id":"https:\/\/wordpress.elsa18.fr\/wordpress.elsa18.fr\/#\/schema\/logo\/image\/","url":"https:\/\/wordpress.elsa18.fr\/wordpress.elsa18.fr\/wp-content\/uploads\/2022\/07\/cropped-ELSA-LOGO_Plan-de-travail-1_Plan-de-travail-1_Plan-de-travail-1_Plan-de-travail-1.png","contentUrl":"https:\/\/wordpress.elsa18.fr\/wordpress.elsa18.fr\/wp-content\/uploads\/2022\/07\/cropped-ELSA-LOGO_Plan-de-travail-1_Plan-de-travail-1_Plan-de-travail-1_Plan-de-travail-1.png","width":2084,"height":2084,"caption":"Elsa"},"image":{"@id":"https:\/\/wordpress.elsa18.fr\/wordpress.elsa18.fr\/#\/schema\/logo\/image\/"},"sameAs":["https:\/\/www.facebook.com\/ELSA-572253779530070\/","https:\/\/www.instagram.com\/espoir_lyrique_saint_amandois\/?hl=fr"]}]}},"_links":{"self":[{"href":"https:\/\/wordpress.elsa18.fr\/wordpress.elsa18.fr\/index.php\/wp-json\/wp\/v2\/pages\/121","targetHints":{"allow":["GET"]}}],"collection":[{"href":"https:\/\/wordpress.elsa18.fr\/wordpress.elsa18.fr\/index.php\/wp-json\/wp\/v2\/pages"}],"about":[{"href":"https:\/\/wordpress.elsa18.fr\/wordpress.elsa18.fr\/index.php\/wp-json\/wp\/v2\/types\/page"}],"author":[{"embeddable":true,"href":"https:\/\/wordpress.elsa18.fr\/wordpress.elsa18.fr\/index.php\/wp-json\/wp\/v2\/users\/1"}],"replies":[{"embeddable":true,"href":"https:\/\/wordpress.elsa18.fr\/wordpress.elsa18.fr\/index.php\/wp-json\/wp\/v2\/comments?post=121"}],"version-history":[{"count":0,"href":"https:\/\/wordpress.elsa18.fr\/wordpress.elsa18.fr\/index.php\/wp-json\/wp\/v2\/pages\/121\/revisions"}],"wp:featuredmedia":[{"embeddable":true,"href":"https:\/\/wordpress.elsa18.fr\/wordpress.elsa18.fr\/index.php\/wp-json\/wp\/v2\/media\/120"}],"wp:attachment":[{"href":"https:\/\/wordpress.elsa18.fr\/wordpress.elsa18.fr\/index.php\/wp-json\/wp\/v2\/media?parent=121"}],"curies":[{"name":"wp","href":"https:\/\/api.w.org\/{rel}","templated":true}]}}