{"id":210,"date":"2010-06-20T15:27:09","date_gmt":"2010-06-20T13:27:09","guid":{"rendered":"http:\/\/wordpress.elsa18.fr\/index.php\/description-25\/"},"modified":"2022-08-30T14:59:21","modified_gmt":"2022-08-30T12:59:21","slug":"description-25","status":"publish","type":"page","link":"https:\/\/wordpress.elsa18.fr\/wordpress.elsa18.fr\/index.php\/description-25\/","title":{"rendered":"L&#8217;histoire de M\u00e9diterran\u00e9e"},"content":{"rendered":"<p style=\"text-align: center;\">\u00a0<\/p>\n<p style=\"text-align: center;\"><span style=\"font-size: 14pt;\"><strong><img fetchpriority=\"high\" decoding=\"async\" class=\" size-full wp-image-206\" alt=\"DSC_6616  copie 1024\" src=\"http:\/\/wordpress.elsa18.fr\/wordpress.elsa18.fr\/wp-content\/uploads\/2010\/06\/operettes_mediterranee_DSC_6616-copie-1024.jpg\" height=\"321\" width=\"603\" \/><\/strong><\/span><\/p>\n<p style=\"text-align: center;\"><span style=\"font-size: 14pt;\"><strong><br \/><\/strong><\/span><\/p>\n<p style=\"text-align: center;\"><span style=\"font-size: 24pt;\"><strong>M\u00e9diterran\u00e9e<\/strong><\/span><\/p>\n<p>\u00a0<\/p>\n<p>&nbsp;<img decoding=\"async\" class=\" alignright size-full wp-image-207\" style=\"margin-left: 10px; float: right;\" alt=\"medit_programme 001\" src=\"http:\/\/wordpress.elsa18.fr\/wordpress.elsa18.fr\/wp-content\/uploads\/2010\/06\/operettes_mediterranee_medit_programme-001.jpg\" height=\"402\" width=\"292\" srcset=\"https:\/\/wordpress.elsa18.fr\/wordpress.elsa18.fr\/wp-content\/uploads\/2010\/06\/operettes_mediterranee_medit_programme-001.jpg 465w, https:\/\/wordpress.elsa18.fr\/wordpress.elsa18.fr\/wp-content\/uploads\/2010\/06\/operettes_mediterranee_medit_programme-001-218x300.jpg 218w\" sizes=\"(max-width: 292px) 100vw, 292px\" \/> <strong>Acte I<\/strong> : Pour sa grande \u00e9mission publicitaire t\u00e9l\u00e9vis\u00e9e, M. Dubleu, le cr\u00e9ateur de la &#8220;lessive bleue&#8221;, s&#8217;est assur\u00e9 le concours de Mario Franchi, c\u00e9l\u00e8bre chanteur. Juliette Germont, la laur\u00e9ate de l&#8217;\u00e9mission, est invit\u00e9e \u00e0 participer \u00e0 une croisi\u00e8re en M\u00e9diterran\u00e9e, sur le yacht de M. Dubleu.<\/p>\n<p> Mario Franchi, Conchita Cortez (une riche sud-am\u00e9ricaine qui poursuit le chanteur de ses assiduit\u00e9s), et Mimile, un copain de Juliette, sont parmi les invit\u00e9s de cette &#8221;&nbsp;Croisi\u00e8re Bleue&nbsp;&#8220;, qui fera escale en Corse, en Sardaigne, aux Iles Bal\u00e9ares, pour se terminer sur la C\u00f4te d&#8217;Azur par la Grande Nuit Bleue de Monte-Carlo.<\/p>\n<p> Profitant de l&#8217;escale Corse, Mario retrouve sa m\u00e8re, son fr\u00e8re cadet Matt\u00e9o et la fianc\u00e9e de celui-ci, la jolie Paola, sans oublier le p\u00e8re Padovani, le sympathique cur\u00e9 du village.<\/p>\n<p> Paola se dispute avec Matt\u00e9o, auquel elle reproche ses fr\u00e9quentations. Effectivement, le jeune homme, croyant participer \u00e0 un petit trafic de cigarettes, met sa barque \u00e0 la disposition de contrebandiers. Il s&#8217;agit en r\u00e9alit\u00e9 d&#8217;une contrebande d&#8217;armes. L&#8217;affaire tourne mal. Les bandits sont surpris&nbsp;; une fusillade \u00e9clate. Un douanier est tu\u00e9. Accus\u00e9 de meurtre, Matt\u00e9o prend le maquis sur les conseils de son fr\u00e8re, lequel est bien d\u00e9cid\u00e9 \u00e0 d\u00e9couvrir le v\u00e9ritable coupable.<\/p>\n<p> Certains indices troublants lui font soup\u00e7onner M. Dubleu&#8230;<\/p>\n<p> <strong> Acte II<\/strong> : Paola est songeuse. L&#8217;arriv\u00e9e de Mario, si pr\u00e9venant pour elle, l&#8217;a troubl\u00e9e. De plus, elle en veut \u00e0 Matt\u00e9o de n&#8217;avoir pas suivi ses conseils. Pour sa part, le chanteur n&#8217;est pas insensible au charme de cette jeune fille toute simple.<\/p>\n<p> Aid\u00e9 sans le savoir par Juliette et Mimile, qui multiplient les maladresses, Mario poursuit son enqu\u00eate et finit par d\u00e9couvrir que le v\u00e9ritable responsable de cette affaire douteuse n&#8217;est pas Dubleu, mais le capitaine du yacht sur lequel se d\u00e9roule la croisi\u00e8re.<\/p>\n<p> L&#8217;explosion du navire et l&#8217;arrestation des coupables lavera Matt\u00e9o de tout soup\u00e7on. Le P\u00e8re Padovani aidera Mario \u00e0 comprendre o\u00f9 est son devoir. Paola, de son c\u00f4t\u00e9, se rend compte que sa vie est au village, pr\u00e8s de Matt\u00e9o. Juliette \u00e9pousera Mimile, tandis que Mario repartira vers la gloire, accompagn\u00e9 par Conchita.<\/p>\n<p>\u00a0<\/p>\n<p style=\"text-align: center;\"><img decoding=\"async\" class=\" size-full wp-image-208\" alt=\"DSC_6619 copie 1024\" src=\"http:\/\/wordpress.elsa18.fr\/wordpress.elsa18.fr\/wp-content\/uploads\/2010\/06\/operettes_mediterranee_DSC_6619-copie-1024.jpg\" height=\"231\" width=\"672\" \/><\/p>\n<p style=\"text-align: center;\"><strong>~~~<\/strong><\/p>\n<p style=\"text-align: center;\"><strong>M\u00e9diterran\u00e9e<\/strong><\/p>\n<p><\/p>\n<p>&nbsp;<img loading=\"lazy\" decoding=\"async\" class=\" alignright size-full wp-image-209\" style=\"margin-left: 10px; float: right;\" alt=\"medit_affiche 001\" src=\"http:\/\/wordpress.elsa18.fr\/wordpress.elsa18.fr\/wp-content\/uploads\/2010\/06\/operettes_mediterranee_medit_affiche-001.jpg\" height=\"267\" width=\"186\" srcset=\"https:\/\/wordpress.elsa18.fr\/wordpress.elsa18.fr\/wp-content\/uploads\/2010\/06\/operettes_mediterranee_medit_affiche-001.jpg 444w, https:\/\/wordpress.elsa18.fr\/wordpress.elsa18.fr\/wp-content\/uploads\/2010\/06\/operettes_mediterranee_medit_affiche-001-208x300.jpg 208w\" sizes=\"(max-width: 186px) 100vw, 186px\" \/>Op\u00e9rette \u00e0 grand spectacle, en 2 actes et 20 tableaux, de <strong>Raymond Vincy<\/strong><\/p>\n<p>Musique de <strong>Francis Lopez<\/strong> , arrangements musicaux de Paul Bonneau<\/p>\n<p>\u00a0<\/p>\n<p style=\"text-align: center;\"><strong>Les airs&#8230;<\/strong><\/p>\n<p>\u00a0<\/p>\n<p><em> <strong>Acte I<\/strong><\/em><strong> : <\/strong><br \/> Ouverture&nbsp;; Ch\u0153ur d&#8217;entr\u00e9e &#8220;T\u00e9l\u00e9vision&#8221;&nbsp;; &#8220;Bleu&#8221; (Juliette)&nbsp;; &#8220;Les Bal\u00e9ares&#8221; (Mario)&nbsp;; Ballet &#8220;T\u00e9l\u00e9-bop&#8221;&nbsp;; Duo Juliette-Mimile &#8220;Les joyeux campeurs&#8221;&nbsp;; Ch\u0153ur&#8221; Dans notre petit village&#8221;&nbsp;; Chanson de Mario &#8220;Campanella&#8221;&nbsp;; Chanson de Paola &#8220;Les filles d&#8217;Ajaccio&#8221;&nbsp;; &#8220;Les paroissiens de mon village&#8221; (p\u00e8re Padovani)&nbsp;; &#8220;Demain c&#8217;est dimanche&#8221; (Mario et Paola)&nbsp;; Ballet des p\u00eacheurs&nbsp;; &#8220;Un p&#8217;tit verre du p&#8217;tit vin du pays&#8221; (Juliette)&nbsp;; &#8220;Vierge Marie&#8221; (Mario)&nbsp;; Trio comique &#8220;C&#8217;est triste&#8221; (Mimile, Cardolacci, Juliette)&nbsp;; Final I &#8220;M\u00e9diterran\u00e9e&#8221;<\/p>\n<p> <em><strong>Acte II :<\/strong><br \/> <\/em>Ch\u0153ur d&#8217;entr\u00e9e &#8220;Depuis trois jours&#8221;&nbsp;; &#8220;Ajaccio&#8221; (Mario)&nbsp;; Chanson de Paola &#8220;C&#8217;est en vain&#8221;&nbsp;; Ballet espagnol&nbsp;; Chanson de Juliette &#8220;C&#8217;est mon mataf&#8221;&nbsp;; Tango m\u00e9diterran\u00e9e (orchestre)&nbsp;; Ballet typique&nbsp;; &#8220;N&#8217;en dis rien \u00e0 personne&#8221; (Mario)&nbsp;; Final II<\/p>\n<p>\u00a0<\/p>\n<p style=\"text-align: center;\"><span style=\"font-size: 12pt;\"><strong>Les dates&#8230; <\/strong><\/span><\/p>\n<p>\u00a0<\/p>\n<p>\u00a0<\/p>\n<p><strong> <\/strong>\u266a<strong> Samedi 12 f\u00e9vrier \u00e0 14h30<\/strong><\/p>\n<p><strong> <\/strong>\u266a<strong> Dimanche 13 f\u00e9vrier \u00e0 14h30<\/strong><\/p>\n<p><strong><br \/><\/strong><\/p>\n<p><strong> <\/strong>\u266b<strong> Samedi 19 f\u00e9vrier \u00e0 14h et<\/strong><strong> \u00e0 20H30<\/strong><\/p>\n<p><strong> <\/strong>\u266a<strong> Dimanche 20 f\u00e9vrier \u00e0 14h30<\/strong><\/p>\n<p>\u00a0<\/p>\n<p style=\"text-align: center;\">Nous esp\u00e9rons que vous viendrez nombreux&#8230;<\/p>\n","protected":false},"excerpt":{"rendered":"<p>\u00a0 M\u00e9diterran\u00e9e \u00a0 &nbsp; Acte I : Pour sa grande \u00e9mission publicitaire t\u00e9l\u00e9vis\u00e9e, M. Dubleu, le cr\u00e9ateur de la &#8220;lessive bleue&#8221;, s&#8217;est assur\u00e9 le concours de Mario Franchi, c\u00e9l\u00e8bre chanteur. &hellip;<\/p>\n<p class=\"read-more\"> <a class=\"\" href=\"https:\/\/wordpress.elsa18.fr\/wordpress.elsa18.fr\/index.php\/description-25\/\"> <span class=\"screen-reader-text\">L&#8217;histoire de M\u00e9diterran\u00e9e<\/span> Lire la suite\u00a0\u00bb<\/a><\/p>\n","protected":false},"author":1,"featured_media":206,"parent":0,"menu_order":1,"comment_status":"closed","ping_status":"closed","template":"","meta":{"site-sidebar-layout":"default","site-content-layout":"default","ast-global-header-display":"","ast-main-header-display":"","ast-hfb-above-header-display":"","ast-hfb-below-header-display":"","ast-hfb-mobile-header-display":"","site-post-title":"","ast-breadcrumbs-content":"","ast-featured-img":"","footer-sml-layout":"","theme-transparent-header-meta":"","adv-header-id-meta":"","stick-header-meta":"","header-above-stick-meta":"","header-main-stick-meta":"","header-below-stick-meta":"","footnotes":""},"class_list":["post-210","page","type-page","status-publish","has-post-thumbnail","hentry"],"yoast_head":"<!-- This site is optimized with the Yoast SEO plugin v27.5 - https:\/\/yoast.com\/product\/yoast-seo-wordpress\/ -->\n<title>L&#039;histoire de M\u00e9diterran\u00e9e - Elsa<\/title>\n<meta name=\"robots\" content=\"index, follow, max-snippet:-1, max-image-preview:large, max-video-preview:-1\" \/>\n<link rel=\"canonical\" href=\"https:\/\/wordpress.elsa18.fr\/wordpress.elsa18.fr\/index.php\/description-25\/\" \/>\n<meta property=\"og:locale\" content=\"fr_FR\" \/>\n<meta property=\"og:type\" content=\"article\" \/>\n<meta property=\"og:title\" content=\"L&#039;histoire de M\u00e9diterran\u00e9e - Elsa\" \/>\n<meta property=\"og:description\" content=\"\u00a0 M\u00e9diterran\u00e9e \u00a0 &nbsp; Acte I : Pour sa grande \u00e9mission publicitaire t\u00e9l\u00e9vis\u00e9e, M. Dubleu, le cr\u00e9ateur de la &#8220;lessive bleue&#8221;, s&#8217;est assur\u00e9 le concours de Mario Franchi, c\u00e9l\u00e8bre chanteur. &hellip; L&#8217;histoire de M\u00e9diterran\u00e9e Lire la suite\u00a0\u00bb\" \/>\n<meta property=\"og:url\" content=\"https:\/\/wordpress.elsa18.fr\/wordpress.elsa18.fr\/index.php\/description-25\/\" \/>\n<meta property=\"og:site_name\" content=\"Elsa\" \/>\n<meta property=\"article:publisher\" content=\"https:\/\/www.facebook.com\/ELSA-572253779530070\/\" \/>\n<meta property=\"article:modified_time\" content=\"2022-08-30T12:59:21+00:00\" \/>\n<meta property=\"og:image\" content=\"https:\/\/wordpress.elsa18.fr\/wordpress.elsa18.fr\/wp-content\/uploads\/2010\/06\/operettes_mediterranee_DSC_6616-copie-1024.jpg\" \/>\n\t<meta property=\"og:image:width\" content=\"1024\" \/>\n\t<meta property=\"og:image:height\" content=\"549\" \/>\n\t<meta property=\"og:image:type\" content=\"image\/jpeg\" \/>\n<meta name=\"twitter:card\" content=\"summary_large_image\" \/>\n<meta name=\"twitter:label1\" content=\"Dur\u00e9e de lecture estim\u00e9e\" \/>\n\t<meta name=\"twitter:data1\" content=\"3 minutes\" \/>\n<script type=\"application\/ld+json\" class=\"yoast-schema-graph\">{\"@context\":\"https:\\\/\\\/schema.org\",\"@graph\":[{\"@type\":\"WebPage\",\"@id\":\"https:\\\/\\\/wordpress.elsa18.fr\\\/wordpress.elsa18.fr\\\/index.php\\\/description-25\\\/\",\"url\":\"https:\\\/\\\/wordpress.elsa18.fr\\\/wordpress.elsa18.fr\\\/index.php\\\/description-25\\\/\",\"name\":\"L'histoire de M\u00e9diterran\u00e9e - Elsa\",\"isPartOf\":{\"@id\":\"https:\\\/\\\/wordpress.elsa18.fr\\\/wordpress.elsa18.fr\\\/#website\"},\"primaryImageOfPage\":{\"@id\":\"https:\\\/\\\/wordpress.elsa18.fr\\\/wordpress.elsa18.fr\\\/index.php\\\/description-25\\\/#primaryimage\"},\"image\":{\"@id\":\"https:\\\/\\\/wordpress.elsa18.fr\\\/wordpress.elsa18.fr\\\/index.php\\\/description-25\\\/#primaryimage\"},\"thumbnailUrl\":\"https:\\\/\\\/wordpress.elsa18.fr\\\/wordpress.elsa18.fr\\\/wp-content\\\/uploads\\\/2010\\\/06\\\/operettes_mediterranee_DSC_6616-copie-1024.jpg\",\"datePublished\":\"2010-06-20T13:27:09+00:00\",\"dateModified\":\"2022-08-30T12:59:21+00:00\",\"breadcrumb\":{\"@id\":\"https:\\\/\\\/wordpress.elsa18.fr\\\/wordpress.elsa18.fr\\\/index.php\\\/description-25\\\/#breadcrumb\"},\"inLanguage\":\"fr-FR\",\"potentialAction\":[{\"@type\":\"ReadAction\",\"target\":[\"https:\\\/\\\/wordpress.elsa18.fr\\\/wordpress.elsa18.fr\\\/index.php\\\/description-25\\\/\"]}]},{\"@type\":\"ImageObject\",\"inLanguage\":\"fr-FR\",\"@id\":\"https:\\\/\\\/wordpress.elsa18.fr\\\/wordpress.elsa18.fr\\\/index.php\\\/description-25\\\/#primaryimage\",\"url\":\"https:\\\/\\\/wordpress.elsa18.fr\\\/wordpress.elsa18.fr\\\/wp-content\\\/uploads\\\/2010\\\/06\\\/operettes_mediterranee_DSC_6616-copie-1024.jpg\",\"contentUrl\":\"https:\\\/\\\/wordpress.elsa18.fr\\\/wordpress.elsa18.fr\\\/wp-content\\\/uploads\\\/2010\\\/06\\\/operettes_mediterranee_DSC_6616-copie-1024.jpg\",\"width\":1024,\"height\":549,\"caption\":\"DSC_6616 copie 1024\"},{\"@type\":\"BreadcrumbList\",\"@id\":\"https:\\\/\\\/wordpress.elsa18.fr\\\/wordpress.elsa18.fr\\\/index.php\\\/description-25\\\/#breadcrumb\",\"itemListElement\":[{\"@type\":\"ListItem\",\"position\":1,\"name\":\"Accueil\",\"item\":\"https:\\\/\\\/wordpress.elsa18.fr\\\/wordpress.elsa18.fr\\\/\"},{\"@type\":\"ListItem\",\"position\":2,\"name\":\"L&rsquo;histoire de M\u00e9diterran\u00e9e\"}]},{\"@type\":\"WebSite\",\"@id\":\"https:\\\/\\\/wordpress.elsa18.fr\\\/wordpress.elsa18.fr\\\/#website\",\"url\":\"https:\\\/\\\/wordpress.elsa18.fr\\\/wordpress.elsa18.fr\\\/\",\"name\":\"Elsa\",\"description\":\"Espoir Lyrique Saint Amandois\",\"publisher\":{\"@id\":\"https:\\\/\\\/wordpress.elsa18.fr\\\/wordpress.elsa18.fr\\\/#organization\"},\"potentialAction\":[{\"@type\":\"SearchAction\",\"target\":{\"@type\":\"EntryPoint\",\"urlTemplate\":\"https:\\\/\\\/wordpress.elsa18.fr\\\/wordpress.elsa18.fr\\\/?s={search_term_string}\"},\"query-input\":{\"@type\":\"PropertyValueSpecification\",\"valueRequired\":true,\"valueName\":\"search_term_string\"}}],\"inLanguage\":\"fr-FR\"},{\"@type\":\"Organization\",\"@id\":\"https:\\\/\\\/wordpress.elsa18.fr\\\/wordpress.elsa18.fr\\\/#organization\",\"name\":\"Elsa\",\"url\":\"https:\\\/\\\/wordpress.elsa18.fr\\\/wordpress.elsa18.fr\\\/\",\"logo\":{\"@type\":\"ImageObject\",\"inLanguage\":\"fr-FR\",\"@id\":\"https:\\\/\\\/wordpress.elsa18.fr\\\/wordpress.elsa18.fr\\\/#\\\/schema\\\/logo\\\/image\\\/\",\"url\":\"https:\\\/\\\/wordpress.elsa18.fr\\\/wordpress.elsa18.fr\\\/wp-content\\\/uploads\\\/2022\\\/07\\\/cropped-ELSA-LOGO_Plan-de-travail-1_Plan-de-travail-1_Plan-de-travail-1_Plan-de-travail-1.png\",\"contentUrl\":\"https:\\\/\\\/wordpress.elsa18.fr\\\/wordpress.elsa18.fr\\\/wp-content\\\/uploads\\\/2022\\\/07\\\/cropped-ELSA-LOGO_Plan-de-travail-1_Plan-de-travail-1_Plan-de-travail-1_Plan-de-travail-1.png\",\"width\":2084,\"height\":2084,\"caption\":\"Elsa\"},\"image\":{\"@id\":\"https:\\\/\\\/wordpress.elsa18.fr\\\/wordpress.elsa18.fr\\\/#\\\/schema\\\/logo\\\/image\\\/\"},\"sameAs\":[\"https:\\\/\\\/www.facebook.com\\\/ELSA-572253779530070\\\/\",\"https:\\\/\\\/www.instagram.com\\\/espoir_lyrique_saint_amandois\\\/?hl=fr\"]}]}<\/script>\n<!-- \/ Yoast SEO plugin. -->","yoast_head_json":{"title":"L'histoire de M\u00e9diterran\u00e9e - Elsa","robots":{"index":"index","follow":"follow","max-snippet":"max-snippet:-1","max-image-preview":"max-image-preview:large","max-video-preview":"max-video-preview:-1"},"canonical":"https:\/\/wordpress.elsa18.fr\/wordpress.elsa18.fr\/index.php\/description-25\/","og_locale":"fr_FR","og_type":"article","og_title":"L'histoire de M\u00e9diterran\u00e9e - Elsa","og_description":"\u00a0 M\u00e9diterran\u00e9e \u00a0 &nbsp; Acte I : Pour sa grande \u00e9mission publicitaire t\u00e9l\u00e9vis\u00e9e, M. Dubleu, le cr\u00e9ateur de la &#8220;lessive bleue&#8221;, s&#8217;est assur\u00e9 le concours de Mario Franchi, c\u00e9l\u00e8bre chanteur. &hellip; L&#8217;histoire de M\u00e9diterran\u00e9e Lire la suite\u00a0\u00bb","og_url":"https:\/\/wordpress.elsa18.fr\/wordpress.elsa18.fr\/index.php\/description-25\/","og_site_name":"Elsa","article_publisher":"https:\/\/www.facebook.com\/ELSA-572253779530070\/","article_modified_time":"2022-08-30T12:59:21+00:00","og_image":[{"width":1024,"height":549,"url":"https:\/\/wordpress.elsa18.fr\/wordpress.elsa18.fr\/wp-content\/uploads\/2010\/06\/operettes_mediterranee_DSC_6616-copie-1024.jpg","type":"image\/jpeg"}],"twitter_card":"summary_large_image","twitter_misc":{"Dur\u00e9e de lecture estim\u00e9e":"3 minutes"},"schema":{"@context":"https:\/\/schema.org","@graph":[{"@type":"WebPage","@id":"https:\/\/wordpress.elsa18.fr\/wordpress.elsa18.fr\/index.php\/description-25\/","url":"https:\/\/wordpress.elsa18.fr\/wordpress.elsa18.fr\/index.php\/description-25\/","name":"L'histoire de M\u00e9diterran\u00e9e - Elsa","isPartOf":{"@id":"https:\/\/wordpress.elsa18.fr\/wordpress.elsa18.fr\/#website"},"primaryImageOfPage":{"@id":"https:\/\/wordpress.elsa18.fr\/wordpress.elsa18.fr\/index.php\/description-25\/#primaryimage"},"image":{"@id":"https:\/\/wordpress.elsa18.fr\/wordpress.elsa18.fr\/index.php\/description-25\/#primaryimage"},"thumbnailUrl":"https:\/\/wordpress.elsa18.fr\/wordpress.elsa18.fr\/wp-content\/uploads\/2010\/06\/operettes_mediterranee_DSC_6616-copie-1024.jpg","datePublished":"2010-06-20T13:27:09+00:00","dateModified":"2022-08-30T12:59:21+00:00","breadcrumb":{"@id":"https:\/\/wordpress.elsa18.fr\/wordpress.elsa18.fr\/index.php\/description-25\/#breadcrumb"},"inLanguage":"fr-FR","potentialAction":[{"@type":"ReadAction","target":["https:\/\/wordpress.elsa18.fr\/wordpress.elsa18.fr\/index.php\/description-25\/"]}]},{"@type":"ImageObject","inLanguage":"fr-FR","@id":"https:\/\/wordpress.elsa18.fr\/wordpress.elsa18.fr\/index.php\/description-25\/#primaryimage","url":"https:\/\/wordpress.elsa18.fr\/wordpress.elsa18.fr\/wp-content\/uploads\/2010\/06\/operettes_mediterranee_DSC_6616-copie-1024.jpg","contentUrl":"https:\/\/wordpress.elsa18.fr\/wordpress.elsa18.fr\/wp-content\/uploads\/2010\/06\/operettes_mediterranee_DSC_6616-copie-1024.jpg","width":1024,"height":549,"caption":"DSC_6616 copie 1024"},{"@type":"BreadcrumbList","@id":"https:\/\/wordpress.elsa18.fr\/wordpress.elsa18.fr\/index.php\/description-25\/#breadcrumb","itemListElement":[{"@type":"ListItem","position":1,"name":"Accueil","item":"https:\/\/wordpress.elsa18.fr\/wordpress.elsa18.fr\/"},{"@type":"ListItem","position":2,"name":"L&rsquo;histoire de M\u00e9diterran\u00e9e"}]},{"@type":"WebSite","@id":"https:\/\/wordpress.elsa18.fr\/wordpress.elsa18.fr\/#website","url":"https:\/\/wordpress.elsa18.fr\/wordpress.elsa18.fr\/","name":"Elsa","description":"Espoir Lyrique Saint Amandois","publisher":{"@id":"https:\/\/wordpress.elsa18.fr\/wordpress.elsa18.fr\/#organization"},"potentialAction":[{"@type":"SearchAction","target":{"@type":"EntryPoint","urlTemplate":"https:\/\/wordpress.elsa18.fr\/wordpress.elsa18.fr\/?s={search_term_string}"},"query-input":{"@type":"PropertyValueSpecification","valueRequired":true,"valueName":"search_term_string"}}],"inLanguage":"fr-FR"},{"@type":"Organization","@id":"https:\/\/wordpress.elsa18.fr\/wordpress.elsa18.fr\/#organization","name":"Elsa","url":"https:\/\/wordpress.elsa18.fr\/wordpress.elsa18.fr\/","logo":{"@type":"ImageObject","inLanguage":"fr-FR","@id":"https:\/\/wordpress.elsa18.fr\/wordpress.elsa18.fr\/#\/schema\/logo\/image\/","url":"https:\/\/wordpress.elsa18.fr\/wordpress.elsa18.fr\/wp-content\/uploads\/2022\/07\/cropped-ELSA-LOGO_Plan-de-travail-1_Plan-de-travail-1_Plan-de-travail-1_Plan-de-travail-1.png","contentUrl":"https:\/\/wordpress.elsa18.fr\/wordpress.elsa18.fr\/wp-content\/uploads\/2022\/07\/cropped-ELSA-LOGO_Plan-de-travail-1_Plan-de-travail-1_Plan-de-travail-1_Plan-de-travail-1.png","width":2084,"height":2084,"caption":"Elsa"},"image":{"@id":"https:\/\/wordpress.elsa18.fr\/wordpress.elsa18.fr\/#\/schema\/logo\/image\/"},"sameAs":["https:\/\/www.facebook.com\/ELSA-572253779530070\/","https:\/\/www.instagram.com\/espoir_lyrique_saint_amandois\/?hl=fr"]}]}},"_links":{"self":[{"href":"https:\/\/wordpress.elsa18.fr\/wordpress.elsa18.fr\/index.php\/wp-json\/wp\/v2\/pages\/210","targetHints":{"allow":["GET"]}}],"collection":[{"href":"https:\/\/wordpress.elsa18.fr\/wordpress.elsa18.fr\/index.php\/wp-json\/wp\/v2\/pages"}],"about":[{"href":"https:\/\/wordpress.elsa18.fr\/wordpress.elsa18.fr\/index.php\/wp-json\/wp\/v2\/types\/page"}],"author":[{"embeddable":true,"href":"https:\/\/wordpress.elsa18.fr\/wordpress.elsa18.fr\/index.php\/wp-json\/wp\/v2\/users\/1"}],"replies":[{"embeddable":true,"href":"https:\/\/wordpress.elsa18.fr\/wordpress.elsa18.fr\/index.php\/wp-json\/wp\/v2\/comments?post=210"}],"version-history":[{"count":2,"href":"https:\/\/wordpress.elsa18.fr\/wordpress.elsa18.fr\/index.php\/wp-json\/wp\/v2\/pages\/210\/revisions"}],"predecessor-version":[{"id":749,"href":"https:\/\/wordpress.elsa18.fr\/wordpress.elsa18.fr\/index.php\/wp-json\/wp\/v2\/pages\/210\/revisions\/749"}],"wp:featuredmedia":[{"embeddable":true,"href":"https:\/\/wordpress.elsa18.fr\/wordpress.elsa18.fr\/index.php\/wp-json\/wp\/v2\/media\/206"}],"wp:attachment":[{"href":"https:\/\/wordpress.elsa18.fr\/wordpress.elsa18.fr\/index.php\/wp-json\/wp\/v2\/media?parent=210"}],"curies":[{"name":"wp","href":"https:\/\/api.w.org\/{rel}","templated":true}]}}