{"id":504,"date":"2016-12-27T00:00:00","date_gmt":"2016-12-26T23:00:00","guid":{"rendered":"http:\/\/wordpress.elsa18.fr\/index.php\/description-28\/"},"modified":"2022-08-30T16:24:14","modified_gmt":"2022-08-30T14:24:14","slug":"description-28","status":"publish","type":"page","link":"https:\/\/wordpress.elsa18.fr\/wordpress.elsa18.fr\/index.php\/description-28\/","title":{"rendered":"L&#8217;histoire de Hello Dolly"},"content":{"rendered":"<p style=\"text-align: center;\">\n<p style=\"text-align: center;\"><span style=\"font-size: 18pt;\"><strong>Hello Dolly !<\/strong><\/span><\/p>\n<p style=\"text-align: center;\">\n<p style=\"text-align: center;\"><span style=\"text-align: justify;\">Com\u00e9die musicale en 2 actes, musique et lyrics de Jerry Herman, livret de Micha\u00ebl Stewart, d\u2019apr\u00e8s&nbsp;<\/span><i style=\"text-align: justify;\">La Marieuse<\/i><span style=\"text-align: justify;\">&nbsp;de Thorton Wilder. Cr\u00e9ation \u00e0 D\u00e9troit en 1963 et \u00e0 Broadway le 16 janvier 1964.&nbsp;<\/span><\/p>\n<p style=\"text-align: center;\"><span style=\"text-align: justify;\"><img fetchpriority=\"high\" decoding=\"async\" class=\" size-full wp-image-502\" src=\"http:\/\/wordpress.elsa18.fr\/wordpress.elsa18.fr\/wp-content\/uploads\/2016\/12\/vietroupe_2017_188.jpg\" width=\"700\" height=\"288\" alt=\"188\" srcset=\"https:\/\/wordpress.elsa18.fr\/wordpress.elsa18.fr\/wp-content\/uploads\/2016\/12\/vietroupe_2017_188.jpg 1920w, https:\/\/wordpress.elsa18.fr\/wordpress.elsa18.fr\/wp-content\/uploads\/2016\/12\/vietroupe_2017_188-300x123.jpg 300w, https:\/\/wordpress.elsa18.fr\/wordpress.elsa18.fr\/wp-content\/uploads\/2016\/12\/vietroupe_2017_188-1024x421.jpg 1024w, https:\/\/wordpress.elsa18.fr\/wordpress.elsa18.fr\/wp-content\/uploads\/2016\/12\/vietroupe_2017_188-768x316.jpg 768w, https:\/\/wordpress.elsa18.fr\/wordpress.elsa18.fr\/wp-content\/uploads\/2016\/12\/vietroupe_2017_188-1536x631.jpg 1536w, https:\/\/wordpress.elsa18.fr\/wordpress.elsa18.fr\/wp-content\/uploads\/2016\/12\/vietroupe_2017_188-1568x644.jpg 1568w\" sizes=\"(max-width: 700px) 100vw, 700px\" \/><\/span><\/p>\n<p style=\"text-align: center;\">\n<p style=\"text-align: center;\">\n<h3><img decoding=\"async\" class=\" alignleft size-full wp-image-490\" src=\"http:\/\/wordpress.elsa18.fr\/wordpress.elsa18.fr\/wp-content\/uploads\/2016\/08\/2016_2017_ELSA-HELLODOLLY-SAMUEL-FINAL3-page-001.jpg\" width=\"300\" height=\"424\" alt=\"ELSA-HELLODOLLY-SAMUEL-FINAL3-page-001\" style=\"margin-right: 5px; float: left;\" srcset=\"https:\/\/wordpress.elsa18.fr\/wordpress.elsa18.fr\/wp-content\/uploads\/2016\/08\/2016_2017_ELSA-HELLODOLLY-SAMUEL-FINAL3-page-001.jpg 1754w, https:\/\/wordpress.elsa18.fr\/wordpress.elsa18.fr\/wp-content\/uploads\/2016\/08\/2016_2017_ELSA-HELLODOLLY-SAMUEL-FINAL3-page-001-212x300.jpg 212w, https:\/\/wordpress.elsa18.fr\/wordpress.elsa18.fr\/wp-content\/uploads\/2016\/08\/2016_2017_ELSA-HELLODOLLY-SAMUEL-FINAL3-page-001-724x1024.jpg 724w, https:\/\/wordpress.elsa18.fr\/wordpress.elsa18.fr\/wp-content\/uploads\/2016\/08\/2016_2017_ELSA-HELLODOLLY-SAMUEL-FINAL3-page-001-768x1086.jpg 768w, https:\/\/wordpress.elsa18.fr\/wordpress.elsa18.fr\/wp-content\/uploads\/2016\/08\/2016_2017_ELSA-HELLODOLLY-SAMUEL-FINAL3-page-001-1086x1536.jpg 1086w, https:\/\/wordpress.elsa18.fr\/wordpress.elsa18.fr\/wp-content\/uploads\/2016\/08\/2016_2017_ELSA-HELLODOLLY-SAMUEL-FINAL3-page-001-1448x2048.jpg 1448w, https:\/\/wordpress.elsa18.fr\/wordpress.elsa18.fr\/wp-content\/uploads\/2016\/08\/2016_2017_ELSA-HELLODOLLY-SAMUEL-FINAL3-page-001-1568x2218.jpg 1568w\" sizes=\"(max-width: 300px) 100vw, 300px\" \/><\/h3>\n<p><strong><span style=\"color: #800000; text-align: left;\">L\u2019Histoire&#8230;<\/span><\/strong><\/p>\n<p><span style=\"color: #88611d; text-align: left;\"><br \/><\/span><\/p>\n<p><strong>Acte I :&nbsp;<\/strong>Par un beau matin de l\u2019\u00e9t\u00e9 1898, Dolly Gallagher, veuve L\u00e9vi, &nbsp;\u00bb&nbsp;marieuse&nbsp;&nbsp;\u00bb de son \u00e9tat, quitte New York pour se rendre \u00e0 Yonkers afin d\u2019y rencontrer le richissisme marchand de grains Horace Vandergelder qu\u2019elle s\u2019est mise en t\u00eate d\u2019\u00e9pouser. De son c\u00f4t\u00e9 Horace Vandergelder explique \u00e0 ses commis Cornelius Hackl et Barnaby Tucker pourquoi il a pris la d\u00e9cision, un peu folle peut-\u00eatre, de convoler avec une jeune veuve, Ir\u00e8ne Molloy, modiste de son \u00e9tat&#8230;<\/p>\n<p style=\"text-align: center;\">\n<p>Se rendant compte que Cornelius n\u2019est pas insensible aux charmes d\u2019Ir\u00e8ne, Dolly sugg\u00e8re aux commis d\u2019inviter les deux modistes pour un souper \u00e0 l\u2019Harmonia Gardens, un des restaurants les plus chics de New York.&nbsp;N\u2019osant pas avouer son manque d\u2019argent, Cornelius veut renoncer \u00e0 ce projet sous pr\u00e9texte qu\u2019il ne sait pas danser, ce qui donne \u00e0 Dolly l\u2019occasion de s\u2019improviser professeur de danse.&nbsp;Tandis que Cornelius, maintenant plein d\u2019enthousiasme, entra\u00eene Ir\u00e8ne voir le d\u00e9fil\u00e9 dans la 14\u00e8me rue, Dolly, rest\u00e9e seule, interpelle son d\u00e9funt mari pour lui expliquer sa r\u00e9solution de prendre un nouvel \u00e9poux, avant d\u2019aller, elle aussi, rejoindre la Parade.<\/p>\n<\/p>\n<p style=\"text-align: center;\">\n<p><strong>Acte II :&nbsp;<\/strong><\/p>\n<p style=\"text-align: center;\">\n<p>Suite \u00e0 une invraisemblable bousculade, tout le monde se retrouve au poste de police o\u00f9 Cornelius d\u00e9clare son amour \u00e0 Ir\u00e8ne tandis que Horace se voit laiss\u00e9 \u00e0 son triste sort par une Dolly plus triomphante que jamais.&nbsp;Le lendemain matin \u00e0 Yonkers, abandonn\u00e9 par des commis et sa ni\u00e8ce, Horace se demande s\u2019il n\u2019a pas fait une nouvelle folie en laissant s\u2019\u00e9chapper cette femme tout compte fait merveilleuse qu\u2019est Dolly.&nbsp;Mais celle-ci r\u00e9appara\u00eet fort opportun\u00e9ment pour reprendre une derni\u00e8re fois son c\u00e9l\u00e8bre refrain \u00ab&nbsp;Hello Dolly!&nbsp;\u00bb qui, cette fois, se termine en duo.<\/p>\n<\/p>\n<p style=\"text-align: center;\">\n<p style=\"text-align: center;\">\n<p style=\"text-align: center;\"><img decoding=\"async\" class=\" size-full wp-image-503\" src=\"http:\/\/wordpress.elsa18.fr\/wordpress.elsa18.fr\/wp-content\/uploads\/2016\/12\/vietroupe_2017_hellodolly.jpg\" width=\"500\" height=\"312\" alt=\"hellodolly\" srcset=\"https:\/\/wordpress.elsa18.fr\/wordpress.elsa18.fr\/wp-content\/uploads\/2016\/12\/vietroupe_2017_hellodolly.jpg 500w, https:\/\/wordpress.elsa18.fr\/wordpress.elsa18.fr\/wp-content\/uploads\/2016\/12\/vietroupe_2017_hellodolly-300x187.jpg 300w\" sizes=\"(max-width: 500px) 100vw, 500px\" \/><\/p>\n<p>\u266a&nbsp;<strong>AIRS C\u00c9L\u00c8BRES&nbsp;<\/strong>\u266b<\/p>\n<\/p>\n<p style=\"text-align: center;\"><strong style=\"text-align: justify;\">Acte I<\/strong><span style=\"text-align: justify;\">&nbsp;:&nbsp; Ouverture&nbsp;; &nbsp;\u00bb&nbsp;I Put My Hand In&nbsp;&nbsp;\u00bb (\u00ab&nbsp;En un tour de main&nbsp;\u00bb par Dolly)&nbsp;; &nbsp;\u00bb&nbsp;It Takes a Woman&nbsp;&nbsp;\u00bb (\u00ab&nbsp;Il faut une femme&nbsp;\u00bb par Horace et ch\u0153urs)&nbsp;; &nbsp;\u00bb&nbsp;Put On Your Sunday Clothes&nbsp;&nbsp;\u00bb (\u00ab&nbsp;Mets ton plus beau costume&nbsp;\u00bb par Corn\u00e9lius, Barnaby, Dolly et ch\u0153urs)&nbsp;; &nbsp;\u00bb&nbsp;Ribbons Down My Back&nbsp;&nbsp;\u00bb (\u00ab&nbsp;Un chapeau avec des rubans&nbsp;\u00bb par Ir\u00e8ne)&nbsp;; &nbsp;\u00bb&nbsp;Motherhood&nbsp;&nbsp;\u00bb (\u00ab&nbsp;Vive l\u2019Am\u00e9rique&nbsp;\u00bb par Dolly, Ir\u00e8ne et Minnie)&nbsp;; &nbsp;\u00bb&nbsp;Dancing&nbsp;&nbsp;\u00bb (\u00ab&nbsp;La le\u00e7on de danse&nbsp;\u00bb par Dolly, Cornelius et Ir\u00e8ne)&nbsp;; &nbsp;\u00bb&nbsp;Before The Parade Passes By&nbsp;&nbsp;\u00bb (\u00ab&nbsp;La Parade&nbsp;\u00bb par Dolly et ch\u0153urs)<\/span><\/p>\n<p style=\"text-align: center;\">\n<p><strong>Acte II<\/strong>&nbsp;:&nbsp;\u00bb&nbsp;The Waiter\u2019s Gallop&nbsp;&nbsp;\u00bb (\u00ab&nbsp;Dans le vent&nbsp;\u00bb par Cornelius, Barnaby, Ir\u00e8ne, Minnie)&nbsp;; &nbsp;\u00bb&nbsp;Hello, Dolly&nbsp;!&nbsp;&nbsp;\u00bb (Dolly et ch\u0153urs)&nbsp;; &nbsp;\u00bb&nbsp;It Only Takes A Moment&nbsp;&nbsp;\u00bb (\u00ab&nbsp;Il ne faut qu\u2019un instant&nbsp;\u00bb par Cornelius, Ir\u00e8ne et ch\u0153urs)&nbsp;; &nbsp;\u00bb&nbsp;So Long, Deary&nbsp;&nbsp;\u00bb (\u00ab&nbsp;Sors ton p\u2019tit mouchoir&nbsp;\u00bb par Dolly)&nbsp;: &nbsp;\u00bb&nbsp;Hello Dolly&nbsp;!&nbsp;&nbsp;\u00bb (reprise)&nbsp;; Final (Horace, Dolly, ch\u0153urs)<\/p>\n<p style=\"text-align: center;\">\n<p align=\"JUSTIFY\"><i>(1) Entre parenth\u00e8ses, le titre des airs de la version fran\u00e7aise cr\u00e9\u00e9e par Annie Cordy et Jacques Mareuil.<\/i><\/p>\n<p style=\"text-align: center;\"><span style=\"font-size: 18pt;\"><strong><br \/><\/strong><\/span><\/p>\n","protected":false},"excerpt":{"rendered":"<p>Hello Dolly ! Com\u00e9die musicale en 2 actes, musique et lyrics de Jerry Herman, livret de Micha\u00ebl Stewart, d\u2019apr\u00e8s&nbsp;La Marieuse&nbsp;de Thorton Wilder. Cr\u00e9ation \u00e0 D\u00e9troit en 1963 et \u00e0 Broadway &hellip;<\/p>\n<p class=\"read-more\"> <a class=\"\" href=\"https:\/\/wordpress.elsa18.fr\/wordpress.elsa18.fr\/index.php\/description-28\/\"> <span class=\"screen-reader-text\">L&#8217;histoire de Hello Dolly<\/span> Lire la suite\u00a0\u00bb<\/a><\/p>\n","protected":false},"author":1,"featured_media":502,"parent":0,"menu_order":2,"comment_status":"closed","ping_status":"closed","template":"","meta":{"site-sidebar-layout":"default","site-content-layout":"default","ast-global-header-display":"","ast-main-header-display":"","ast-hfb-above-header-display":"","ast-hfb-below-header-display":"","ast-hfb-mobile-header-display":"","site-post-title":"","ast-breadcrumbs-content":"","ast-featured-img":"","footer-sml-layout":"","theme-transparent-header-meta":"","adv-header-id-meta":"","stick-header-meta":"","header-above-stick-meta":"","header-main-stick-meta":"","header-below-stick-meta":"","footnotes":""},"class_list":["post-504","page","type-page","status-publish","has-post-thumbnail","hentry"],"yoast_head":"<!-- This site is optimized with the Yoast SEO plugin v27.5 - https:\/\/yoast.com\/product\/yoast-seo-wordpress\/ -->\n<title>L&#039;histoire de Hello Dolly - Elsa<\/title>\n<meta name=\"robots\" content=\"index, follow, max-snippet:-1, max-image-preview:large, max-video-preview:-1\" \/>\n<link rel=\"canonical\" href=\"https:\/\/wordpress.elsa18.fr\/wordpress.elsa18.fr\/index.php\/description-28\/\" \/>\n<meta property=\"og:locale\" content=\"fr_FR\" \/>\n<meta property=\"og:type\" content=\"article\" \/>\n<meta property=\"og:title\" content=\"L&#039;histoire de Hello Dolly - Elsa\" \/>\n<meta property=\"og:description\" content=\"Hello Dolly ! Com\u00e9die musicale en 2 actes, musique et lyrics de Jerry Herman, livret de Micha\u00ebl Stewart, d\u2019apr\u00e8s&nbsp;La Marieuse&nbsp;de Thorton Wilder. Cr\u00e9ation \u00e0 D\u00e9troit en 1963 et \u00e0 Broadway &hellip; L&#8217;histoire de Hello Dolly Lire la suite\u00a0\u00bb\" \/>\n<meta property=\"og:url\" content=\"https:\/\/wordpress.elsa18.fr\/wordpress.elsa18.fr\/index.php\/description-28\/\" \/>\n<meta property=\"og:site_name\" content=\"Elsa\" \/>\n<meta property=\"article:publisher\" content=\"https:\/\/www.facebook.com\/ELSA-572253779530070\/\" \/>\n<meta property=\"article:modified_time\" content=\"2022-08-30T14:24:14+00:00\" \/>\n<meta property=\"og:image\" content=\"https:\/\/wordpress.elsa18.fr\/wordpress.elsa18.fr\/wp-content\/uploads\/2016\/12\/vietroupe_2017_188.jpg\" \/>\n\t<meta property=\"og:image:width\" content=\"1920\" \/>\n\t<meta property=\"og:image:height\" content=\"789\" \/>\n\t<meta property=\"og:image:type\" content=\"image\/jpeg\" \/>\n<meta name=\"twitter:card\" content=\"summary_large_image\" \/>\n<meta name=\"twitter:label1\" content=\"Dur\u00e9e de lecture estim\u00e9e\" \/>\n\t<meta name=\"twitter:data1\" content=\"3 minutes\" \/>\n<script type=\"application\/ld+json\" class=\"yoast-schema-graph\">{\"@context\":\"https:\\\/\\\/schema.org\",\"@graph\":[{\"@type\":\"WebPage\",\"@id\":\"https:\\\/\\\/wordpress.elsa18.fr\\\/wordpress.elsa18.fr\\\/index.php\\\/description-28\\\/\",\"url\":\"https:\\\/\\\/wordpress.elsa18.fr\\\/wordpress.elsa18.fr\\\/index.php\\\/description-28\\\/\",\"name\":\"L'histoire de Hello Dolly - Elsa\",\"isPartOf\":{\"@id\":\"https:\\\/\\\/wordpress.elsa18.fr\\\/wordpress.elsa18.fr\\\/#website\"},\"primaryImageOfPage\":{\"@id\":\"https:\\\/\\\/wordpress.elsa18.fr\\\/wordpress.elsa18.fr\\\/index.php\\\/description-28\\\/#primaryimage\"},\"image\":{\"@id\":\"https:\\\/\\\/wordpress.elsa18.fr\\\/wordpress.elsa18.fr\\\/index.php\\\/description-28\\\/#primaryimage\"},\"thumbnailUrl\":\"https:\\\/\\\/wordpress.elsa18.fr\\\/wordpress.elsa18.fr\\\/wp-content\\\/uploads\\\/2016\\\/12\\\/vietroupe_2017_188.jpg\",\"datePublished\":\"2016-12-26T23:00:00+00:00\",\"dateModified\":\"2022-08-30T14:24:14+00:00\",\"breadcrumb\":{\"@id\":\"https:\\\/\\\/wordpress.elsa18.fr\\\/wordpress.elsa18.fr\\\/index.php\\\/description-28\\\/#breadcrumb\"},\"inLanguage\":\"fr-FR\",\"potentialAction\":[{\"@type\":\"ReadAction\",\"target\":[\"https:\\\/\\\/wordpress.elsa18.fr\\\/wordpress.elsa18.fr\\\/index.php\\\/description-28\\\/\"]}]},{\"@type\":\"ImageObject\",\"inLanguage\":\"fr-FR\",\"@id\":\"https:\\\/\\\/wordpress.elsa18.fr\\\/wordpress.elsa18.fr\\\/index.php\\\/description-28\\\/#primaryimage\",\"url\":\"https:\\\/\\\/wordpress.elsa18.fr\\\/wordpress.elsa18.fr\\\/wp-content\\\/uploads\\\/2016\\\/12\\\/vietroupe_2017_188.jpg\",\"contentUrl\":\"https:\\\/\\\/wordpress.elsa18.fr\\\/wordpress.elsa18.fr\\\/wp-content\\\/uploads\\\/2016\\\/12\\\/vietroupe_2017_188.jpg\",\"width\":1920,\"height\":789,\"caption\":\"188\"},{\"@type\":\"BreadcrumbList\",\"@id\":\"https:\\\/\\\/wordpress.elsa18.fr\\\/wordpress.elsa18.fr\\\/index.php\\\/description-28\\\/#breadcrumb\",\"itemListElement\":[{\"@type\":\"ListItem\",\"position\":1,\"name\":\"Accueil\",\"item\":\"https:\\\/\\\/wordpress.elsa18.fr\\\/wordpress.elsa18.fr\\\/\"},{\"@type\":\"ListItem\",\"position\":2,\"name\":\"L&rsquo;histoire de Hello Dolly\"}]},{\"@type\":\"WebSite\",\"@id\":\"https:\\\/\\\/wordpress.elsa18.fr\\\/wordpress.elsa18.fr\\\/#website\",\"url\":\"https:\\\/\\\/wordpress.elsa18.fr\\\/wordpress.elsa18.fr\\\/\",\"name\":\"Elsa\",\"description\":\"Espoir Lyrique Saint Amandois\",\"publisher\":{\"@id\":\"https:\\\/\\\/wordpress.elsa18.fr\\\/wordpress.elsa18.fr\\\/#organization\"},\"potentialAction\":[{\"@type\":\"SearchAction\",\"target\":{\"@type\":\"EntryPoint\",\"urlTemplate\":\"https:\\\/\\\/wordpress.elsa18.fr\\\/wordpress.elsa18.fr\\\/?s={search_term_string}\"},\"query-input\":{\"@type\":\"PropertyValueSpecification\",\"valueRequired\":true,\"valueName\":\"search_term_string\"}}],\"inLanguage\":\"fr-FR\"},{\"@type\":\"Organization\",\"@id\":\"https:\\\/\\\/wordpress.elsa18.fr\\\/wordpress.elsa18.fr\\\/#organization\",\"name\":\"Elsa\",\"url\":\"https:\\\/\\\/wordpress.elsa18.fr\\\/wordpress.elsa18.fr\\\/\",\"logo\":{\"@type\":\"ImageObject\",\"inLanguage\":\"fr-FR\",\"@id\":\"https:\\\/\\\/wordpress.elsa18.fr\\\/wordpress.elsa18.fr\\\/#\\\/schema\\\/logo\\\/image\\\/\",\"url\":\"https:\\\/\\\/wordpress.elsa18.fr\\\/wordpress.elsa18.fr\\\/wp-content\\\/uploads\\\/2022\\\/07\\\/cropped-ELSA-LOGO_Plan-de-travail-1_Plan-de-travail-1_Plan-de-travail-1_Plan-de-travail-1.png\",\"contentUrl\":\"https:\\\/\\\/wordpress.elsa18.fr\\\/wordpress.elsa18.fr\\\/wp-content\\\/uploads\\\/2022\\\/07\\\/cropped-ELSA-LOGO_Plan-de-travail-1_Plan-de-travail-1_Plan-de-travail-1_Plan-de-travail-1.png\",\"width\":2084,\"height\":2084,\"caption\":\"Elsa\"},\"image\":{\"@id\":\"https:\\\/\\\/wordpress.elsa18.fr\\\/wordpress.elsa18.fr\\\/#\\\/schema\\\/logo\\\/image\\\/\"},\"sameAs\":[\"https:\\\/\\\/www.facebook.com\\\/ELSA-572253779530070\\\/\",\"https:\\\/\\\/www.instagram.com\\\/espoir_lyrique_saint_amandois\\\/?hl=fr\"]}]}<\/script>\n<!-- \/ Yoast SEO plugin. -->","yoast_head_json":{"title":"L'histoire de Hello Dolly - Elsa","robots":{"index":"index","follow":"follow","max-snippet":"max-snippet:-1","max-image-preview":"max-image-preview:large","max-video-preview":"max-video-preview:-1"},"canonical":"https:\/\/wordpress.elsa18.fr\/wordpress.elsa18.fr\/index.php\/description-28\/","og_locale":"fr_FR","og_type":"article","og_title":"L'histoire de Hello Dolly - Elsa","og_description":"Hello Dolly ! Com\u00e9die musicale en 2 actes, musique et lyrics de Jerry Herman, livret de Micha\u00ebl Stewart, d\u2019apr\u00e8s&nbsp;La Marieuse&nbsp;de Thorton Wilder. Cr\u00e9ation \u00e0 D\u00e9troit en 1963 et \u00e0 Broadway &hellip; L&#8217;histoire de Hello Dolly Lire la suite\u00a0\u00bb","og_url":"https:\/\/wordpress.elsa18.fr\/wordpress.elsa18.fr\/index.php\/description-28\/","og_site_name":"Elsa","article_publisher":"https:\/\/www.facebook.com\/ELSA-572253779530070\/","article_modified_time":"2022-08-30T14:24:14+00:00","og_image":[{"width":1920,"height":789,"url":"https:\/\/wordpress.elsa18.fr\/wordpress.elsa18.fr\/wp-content\/uploads\/2016\/12\/vietroupe_2017_188.jpg","type":"image\/jpeg"}],"twitter_card":"summary_large_image","twitter_misc":{"Dur\u00e9e de lecture estim\u00e9e":"3 minutes"},"schema":{"@context":"https:\/\/schema.org","@graph":[{"@type":"WebPage","@id":"https:\/\/wordpress.elsa18.fr\/wordpress.elsa18.fr\/index.php\/description-28\/","url":"https:\/\/wordpress.elsa18.fr\/wordpress.elsa18.fr\/index.php\/description-28\/","name":"L'histoire de Hello Dolly - Elsa","isPartOf":{"@id":"https:\/\/wordpress.elsa18.fr\/wordpress.elsa18.fr\/#website"},"primaryImageOfPage":{"@id":"https:\/\/wordpress.elsa18.fr\/wordpress.elsa18.fr\/index.php\/description-28\/#primaryimage"},"image":{"@id":"https:\/\/wordpress.elsa18.fr\/wordpress.elsa18.fr\/index.php\/description-28\/#primaryimage"},"thumbnailUrl":"https:\/\/wordpress.elsa18.fr\/wordpress.elsa18.fr\/wp-content\/uploads\/2016\/12\/vietroupe_2017_188.jpg","datePublished":"2016-12-26T23:00:00+00:00","dateModified":"2022-08-30T14:24:14+00:00","breadcrumb":{"@id":"https:\/\/wordpress.elsa18.fr\/wordpress.elsa18.fr\/index.php\/description-28\/#breadcrumb"},"inLanguage":"fr-FR","potentialAction":[{"@type":"ReadAction","target":["https:\/\/wordpress.elsa18.fr\/wordpress.elsa18.fr\/index.php\/description-28\/"]}]},{"@type":"ImageObject","inLanguage":"fr-FR","@id":"https:\/\/wordpress.elsa18.fr\/wordpress.elsa18.fr\/index.php\/description-28\/#primaryimage","url":"https:\/\/wordpress.elsa18.fr\/wordpress.elsa18.fr\/wp-content\/uploads\/2016\/12\/vietroupe_2017_188.jpg","contentUrl":"https:\/\/wordpress.elsa18.fr\/wordpress.elsa18.fr\/wp-content\/uploads\/2016\/12\/vietroupe_2017_188.jpg","width":1920,"height":789,"caption":"188"},{"@type":"BreadcrumbList","@id":"https:\/\/wordpress.elsa18.fr\/wordpress.elsa18.fr\/index.php\/description-28\/#breadcrumb","itemListElement":[{"@type":"ListItem","position":1,"name":"Accueil","item":"https:\/\/wordpress.elsa18.fr\/wordpress.elsa18.fr\/"},{"@type":"ListItem","position":2,"name":"L&rsquo;histoire de Hello Dolly"}]},{"@type":"WebSite","@id":"https:\/\/wordpress.elsa18.fr\/wordpress.elsa18.fr\/#website","url":"https:\/\/wordpress.elsa18.fr\/wordpress.elsa18.fr\/","name":"Elsa","description":"Espoir Lyrique Saint Amandois","publisher":{"@id":"https:\/\/wordpress.elsa18.fr\/wordpress.elsa18.fr\/#organization"},"potentialAction":[{"@type":"SearchAction","target":{"@type":"EntryPoint","urlTemplate":"https:\/\/wordpress.elsa18.fr\/wordpress.elsa18.fr\/?s={search_term_string}"},"query-input":{"@type":"PropertyValueSpecification","valueRequired":true,"valueName":"search_term_string"}}],"inLanguage":"fr-FR"},{"@type":"Organization","@id":"https:\/\/wordpress.elsa18.fr\/wordpress.elsa18.fr\/#organization","name":"Elsa","url":"https:\/\/wordpress.elsa18.fr\/wordpress.elsa18.fr\/","logo":{"@type":"ImageObject","inLanguage":"fr-FR","@id":"https:\/\/wordpress.elsa18.fr\/wordpress.elsa18.fr\/#\/schema\/logo\/image\/","url":"https:\/\/wordpress.elsa18.fr\/wordpress.elsa18.fr\/wp-content\/uploads\/2022\/07\/cropped-ELSA-LOGO_Plan-de-travail-1_Plan-de-travail-1_Plan-de-travail-1_Plan-de-travail-1.png","contentUrl":"https:\/\/wordpress.elsa18.fr\/wordpress.elsa18.fr\/wp-content\/uploads\/2022\/07\/cropped-ELSA-LOGO_Plan-de-travail-1_Plan-de-travail-1_Plan-de-travail-1_Plan-de-travail-1.png","width":2084,"height":2084,"caption":"Elsa"},"image":{"@id":"https:\/\/wordpress.elsa18.fr\/wordpress.elsa18.fr\/#\/schema\/logo\/image\/"},"sameAs":["https:\/\/www.facebook.com\/ELSA-572253779530070\/","https:\/\/www.instagram.com\/espoir_lyrique_saint_amandois\/?hl=fr"]}]}},"_links":{"self":[{"href":"https:\/\/wordpress.elsa18.fr\/wordpress.elsa18.fr\/index.php\/wp-json\/wp\/v2\/pages\/504","targetHints":{"allow":["GET"]}}],"collection":[{"href":"https:\/\/wordpress.elsa18.fr\/wordpress.elsa18.fr\/index.php\/wp-json\/wp\/v2\/pages"}],"about":[{"href":"https:\/\/wordpress.elsa18.fr\/wordpress.elsa18.fr\/index.php\/wp-json\/wp\/v2\/types\/page"}],"author":[{"embeddable":true,"href":"https:\/\/wordpress.elsa18.fr\/wordpress.elsa18.fr\/index.php\/wp-json\/wp\/v2\/users\/1"}],"replies":[{"embeddable":true,"href":"https:\/\/wordpress.elsa18.fr\/wordpress.elsa18.fr\/index.php\/wp-json\/wp\/v2\/comments?post=504"}],"version-history":[{"count":1,"href":"https:\/\/wordpress.elsa18.fr\/wordpress.elsa18.fr\/index.php\/wp-json\/wp\/v2\/pages\/504\/revisions"}],"predecessor-version":[{"id":896,"href":"https:\/\/wordpress.elsa18.fr\/wordpress.elsa18.fr\/index.php\/wp-json\/wp\/v2\/pages\/504\/revisions\/896"}],"wp:featuredmedia":[{"embeddable":true,"href":"https:\/\/wordpress.elsa18.fr\/wordpress.elsa18.fr\/index.php\/wp-json\/wp\/v2\/media\/502"}],"wp:attachment":[{"href":"https:\/\/wordpress.elsa18.fr\/wordpress.elsa18.fr\/index.php\/wp-json\/wp\/v2\/media?parent=504"}],"curies":[{"name":"wp","href":"https:\/\/api.w.org\/{rel}","templated":true}]}}